
Calculate (2 + -1 - (-9 - -17)) + -7 + 24.
10
Evaluate 1 - (-7 - (6 - 28) - 5).
-9
Calculate 29 + -21 - ((2 - 1) + 8 + -1).
0
Evaluate (2 - (24 - -1)) + (-25 - -28 - -5).
-15
Calculate (-25 - -2 - -24) + -23.
-22
Evaluate (4 - 7) + -7 + (-9 - -24) + -6.
-1
Calculate -12 - (3 - 27 - (-2 - 11)).
-1
Calculate (-16 - (-2 - 6)) + 23 - 19.
-4
What is 42 + -53 + (-2 - 5)?
-18
-11 - ((11 + -22 - -13) + -20 + 1)
6
What is 5 - (13 + -9) - -2?
3
-2 + 13 - (65 + -15 - 26)
-13
What is -8 - (-1 + 1 - (23 + -30))?
-15
What is the value of (99 - 73) + (-37 - -6)?
-5
What is the value of (-17 + 16 - 11) + 2 + 1?
-9
-1 + 33 - (-11 - (-18 + -12 + 16))
29
Calculate 6 - (5 + (3 - 9) - -7 - 24).
24
Evaluate -33 + 3 + (7 + 3 - 1) + -9.
-30
What is (5 - (-3 - -4)) + -2 + (-121 - -125)?
6
Evaluate -2 + -4 - (3 + -26 + 43).
-26
What is the value of (-16 - (16 - 31)) + 18 - 14?
3
What is the value of 22 + (11 - (1 - (12 - 15)))?
29
Calculate -13 + 1 - (-281 - -288).
-19
Evaluate 116 + -104 - (1 + 13) - -13.
11
Evaluate -6 + 25 + -12 - (-3 + -8 + 4).
14
-17 + (20 + 6 - 15)
-6
What is the value of -2 + -5 + (710 - 717)?
-14
(3 - -35) + -36 + (2 - -15)
19
What is -6 + 4 + (0 - -11)?
9
What is 2 + -8 + (16 - 4) + -2 + -12?
-8
Calculate 2 - (1 - (-10 + 15)) - 20.
-14
What is -33 + (-18 - -63 - 9)?
3
What is 5 + -8 - (3 + (1 - 8))?
1
Evaluate 1 + 3 - (162 - 147).
-11
What is the value of (-38 - -43) + (-2 + 0 - -2) - 10?
-5
Evaluate (2 - (4 + 3)) + 0 + (-7 - -11).
-1
Calculate -3 + -4 + 4 + -2 + 7.
2
What is 87 - 83 - (1 - 1) - (1 + -4)?
7
What is (3 - 3 - -2) + (106 - 97)?
11
What is the value of 23 - 0 - (-55 - -65)?
13
Evaluate -56 + 76 + (-9 - -1) - 17.
-5
Calculate (3 - -6) + -3 - -1 - (8 - 5).
4
What is the value of 11 + -3 + -11 - (1 - 10) - 5?
1
Evaluate -3 + -10 + -1 + 21.
7
Evaluate 15 - (-8 + 10) - (1 - (1 + 1)).
14
What is the value of -13 + 21 - 17 - -8?
-1
Evaluate -7 + (7 - (8 - 4) - 6) - 0.
-10
Calculate 13 - (-1 - (-18 + 24)).
20
Calculate 7 + -11 - (3 + 7 + -4).
-10
(2 - -3) + 10 + -23
-8
What is the value of -14 + 41 + 33 - 24?
36
Evaluate -12 - (5 + -4) - -18.
5
7 - ((-18 - -14) + (6 - (-1 - -5)))
9
2 + (-4 - -9 - 9) - (4 + -4)
-2
What is 1 - 0 - ((-4 - -3) + 1 + -9)?
10
What is the value of -1 + (-2 - (-3 - -5 - 1)) + 3?
-1
Calculate -16 + (6 - (-1 + -3)).
-6
What is 8 - (8 + 11 - 9)?
-2
Calculate 4 + -1 + (-20 - (6 - 33)).
10
Evaluate (-1 - -6) + -11 + 25 + -5 + -4.
10
27 + 8 + 3 + -22
16
0 - 19 - (565 - 605)
21
What is -6 - (-58 - -55 - (1 + (5 - -1)))?
4
What is the value of -12 + -21 + (-1 - ((-1 - 3) + 0))?
-30
Evaluate (26 - (32 + -20)) + (3 - -1).
18
-4 + 0 + -2 + -3 + -3
-12
Evaluate 96 + -67 + -19 + 1.
11
What is the value of 0 - -15 - (-16 + -50 + 82)?
-1
Evaluate -7 + 0 + (-8 - 22) + 31 + -13.
-19
What is -7 + (-18 - -14) + -5 + 10?
-6
Calculate 6 + (8 + -27 - -10) + -7.
-10
Evaluate (2 - 18) + (136 - 110).
10
Evaluate 3 - 0 - -13 - (22 + -5).
-1
Calculate -31 - (-23 + -9) - (2 + (0 - -14)).
-15
28 - (-13 + 42 - -12)
-13
Calculate -19 + -1 + (-19 - (17 - 55)).
-1
Calculate (-6 - (-23 + 17)) + 3.
3
What is (-23 - (-29 - -4)) + 26?
28
What is 6 + (-1 - 8) + (263 - 272)?
-12
Evaluate 1 + (0 - 1) + 4 + 0 - -5.
9
What is the value of 1 + 11 - (-174 + 177)?
9
-17 - (-4 + 3 + (10 + -6 - 7))
-13
(-46 - -24) + 26 + -23
-19
-1 - (7 - (-16 - -10))
-14
What is -2 + -3 + (52 - 40) + 19?
26
What is the value of 5 + (5 + -3 - 16)?
-9
What is the value of 61 + -25 + -40 - (1 - (0 + 17))?
12
What is the value of 3 - 0 - (21 - (1 + (17 - 6)))?
-6
14 + -1 + -23 + 7
-3
What is the value of -68 - (-61 + 29 + -5)?
-31
Calculate 1 + -9 + (-7 + 12 - 1).
-4
Evaluate -22 + 9 + -5 + 0.
-18
Evaluate 4 + -1 + (-10 - (-23 + 10)).
6
Calculate (41 - (21 - 12)) + -23.
9
Calculate -5 - (-2 + 10 + -4).
-9
-32 + 32 + (-1 - -5) + -22
-18
What is 1 + 8 + 11 + -8 + 5?
17
Calculate -6 + 8 + 1 - (-5 - -12) - -6.
2
Calculate 2 + -9 + (-3 - (13 - 34 - 5)).
16
12 - (18 - 1) - 6
-11
Evaluate (-1 - (34 - 6)) + 19.
-10
What is the value of -6 + 10 + -8 - (-1 + -7)?
4
What is the value of 11 + (58 + -52 - (12 + -1))?
6
What is the value of (-9 - 0) + 314 + -298?
7
Calculate -21 + 26 + (2 - 3 - 2).
2
(-10 + 18 - 1) + -14 + 4
-3
Calculate (10 - 5 - 18 - 9) + 16.
-6
What is the value of -6 + -8 + (7 + -3 - -9)?
-1
Evaluate -1 - ((22 - 9 - 1) + (2 - 6)).
-9
Calculate 27 + (20 - 26) + 2 + -12.
11
Evaluate -1 + -12 - -11 - 25 - -3.
-24
Evaluate (-11 + 3 - -4) + (7 - (19 - 2)).
-14
What is the value of 15 - (11 + -18 + 13)?
9
Evaluate (-28 - -32) + 34 - 11.
27
What is the value of (3 - 1) + (-48 - 2 - -38)?
-10
(-10 - (-2 - (-2 + 2))) + 1 + 2
-5
Evaluate (-3 - -12) + 4 + -1 + 4.
16
What is (11 - (10 + -3)) + 21?
25
Calculate (2 - (3 + -2 + 7 - 15)) + -7.
2
What is the value of 58 + (-174 - -125) + 1 + (-1 - -3)?
12
Evaluate 14 - (11 + -7) - (11 + -3).
2
Evaluate -7 + 21 + (32 - 41) + -7.
-2
Evaluate 50 + (-17 - (26 - 18)).
25
What is (4 - 13 - -16) + -1 - 3?
3
Calculate -7 + -1 + (-14 - -12) + (13 - 4).
-1
Evaluate -17 + (11 + -4 - -14) - (-1 - -8).
-3
Evaluate -56 + 60 - (3 - (0 - -2) - -15).
-12
What is -10 - (-11 + 17 - 3 - (9 - -1))?
-3
What is 5 - (10 - (-9 + 8 + 1))?
-5
-15 - -21 - 29 - -42
19
Evaluate (-15 - (0 + -1)) + -57 + (-133 - -199).
-5
Calculate 7 + 3 + -5 + 0.
5
What is -14 + -2 + 5 - (1 - (-4 + 5))?
-11
Calculate -63 - -70 - (4 + 3 - (0 - -1)).
1
-11 - (-2 + 25 + -6 + -7)
-21
What is 21 + 7 + -13 + -7?
8
Calculate 8 + (18 - 34) + -1 + 1.
-8
Evaluate 6 + (6 - (14 + -2)).
0
Calculate 0 + 6 + (0 - (-3 - 3)) - -1.
13
What is the value of 17 - (7 + 1) - (-6 + 37)?
-22
What is (15 - 17) + 6 - (-8 + 4)?
8
Evaluate 0 + 5 + 5 + (-4 - (1 + 10)).
-5
6 + -21 - 0 - -7
-8
What is the value of 40 + (-8 - 13) + 0 + -3?
16
-4 + -5 + (-2 - -1 - -13 - -11)
14
Evaluate (4 - 1) + -5 + 6 + 0 - -8.
12
Evaluate -11 + 34 - 11 - 4.
8
209 + -273 - (-2 + -36)
-26
-1 - (-11 + (0 - -14))
-4
Calculate -8 + (2 + -7 + 12 - 15) + -1.
-17
Calculate 3 + -8 + -5 - -7.
-3
What is (-1 - 5 - -2) + (10 - 7) - -15?
14
Evaluate 7 - (4 + 0 + -11).
14
(23 - -4 - 4) + (-1 - 0) + -5
17
What is the value of 20 + -25 + (8 - 4) - (0 + -6)?
5
What is the value of 3 + -13 + (5 - 0) - (-3 - 3)?
1
Calculate -6 - -3 - 3 - (6 + 6 + -12).
-6
-121 + 95 + (22 - 1) - (5 - -2)
-12
What is 37 - 5 - (90 + -84)?
26
What is 10 - (18 + -11 - -2)?
1
What is 9 + -18 + -3 + -10 + 5?
-17
(2 - 2 - (10 - 17 - 3)) + 8
18
What is -399 + 403 - (1 - 0)?
3
4 - (9 - (-2 - (-3 - 5)))
1
What is 0 - (20 - (6 + -12))?
-26
What is 52 + -40 - (-2 - -2)?
12
-18 + 10 + (2 + -2 - -1) - 9
-16
-18 - 2 - ((-2 - 4) + (-14 - -17))
-17
What is 7 + -4 + 11 + -6 + -14?
-6
What is (-1 - (19 - 11)) + 1?
-8
What is 21 - (10 + (46 - 10))?
-25
Evaluate -3 - -26 - 0 - 23.
0
Evaluate 4 + (-2 - (0 - 1)) + 123 + -129.
-3
-4 + -1 + 2 - ((23 - 45) + 41)
-22
Calculate -41 + 1 - (-60 + 83 + -29).
-34
Evaluate 1 - (-1 + 24 - 18).
-4
Evaluate 17 + (17 - 5) + -63.
-34
2 + 8 + 2 - (12 - 14 - 0)
14
What is the value of 6 + -11 - -10 - 13 - (-5 - -2)?
-5
-146 + 140 + (0 - -10)
4
What is the value of (-1 + 1 - 6 - 0) + 61 + -53?
2
Evaluate -6 + (-3 - -30 - 6) + -6.
9
Calculate -6 + 13 - (33 - 22).
-4
Calculate 40 + (-25 - (3 - -5)).
7
-91 + 102 - (1 - (1 - 6))
5
Evaluate 17 - (-14 + 9 - -14).
8
What is the value of 2 - (33 + -3) - (-9 + -5 + 9)?
-23
Evaluate 6 + (0 - -18 - (-10 - -23)).
11
What is 10 + -8 - 7 - -13?
8
17 + -32 + 12 - (1 - (-9 + 2))
-11
Calculate -6 - (-10 + (30 - (7 + 7))).
-12
Calculate (-1 - -5) + 15 + (10 - 5).
24
What is (3 - 0) + 41 + (-11 - 17)?
16
Calculate -11 - (-22 - -47 - 41).
5
What is -4 + -7 + -4 + 16?
1
What is the value of (2 - 10) + (-12 + 18 - 9 - -6)?
-5
What is the value of (21 - (-55 - -68)) + 0 + 13?
21
What is 21 - (3 - (-5 + -2 + 0))?
11
What is the value of 5 + (4 - 21) + -5?
-17
What is the value of 17 - -1 - (59 + -52 - 1)?
12
What is (15 - (11 - -2)) + -4?
-2
Calculate -15 + -8 + 30 - (6 + 1).
0
What is -13 + 4 - 4 - -4 - 11?
-20
Evaluate 5 - (44 + -31) - (1 + -10).
1
What is the value of 1 - (-6 + 14 + (3 - 12))?
2
Calculate (-3 - -10) + -12 + 2 + 13.
10
-1 - 27 - (-436 - -400)
8
Calculate -6 - (6 - 16) - (-18 + 10).
12
What is the value of 1 - -7 - ((17 - 21) + 22) - 0?
-10
Calculate (-47 - -64) + 1 + -3.
15
What is -10 - ((-9 - -5) + 5) - -1